{"id":823,"date":"2012-03-31T15:15:35","date_gmt":"2012-03-31T13:15:35","guid":{"rendered":"http:\/\/www.inspir.be\/?page_id=823"},"modified":"2016-05-13T17:51:53","modified_gmt":"2016-05-13T15:51:53","slug":"projets-de-voyages","status":"publish","type":"page","link":"https:\/\/www.inspir.be\/?page_id=823","title":{"rendered":"Projets de voyage d\u00e9sert"},"content":{"rendered":"<div class=\"youtube\" style=\"width: 350; height: 300;\"><\/div>\n<p><strong><span style=\"font-size: 18pt;\"><em><span style=\"font-family: book antiqua,palatino;\">Voici un projet tout \u00e0 fait extraordinaire :<\/span><\/em><\/span><\/strong><br \/>\n<em><span style=\"font-family: book antiqua,palatino; font-size: 18px;\"><strong><span style=\"font-size: 18pt;\">Les crocodiles au Sahara&#8230;..<\/span><\/strong><br \/>\n<span style=\"color: #ffffff;\">a<\/span><br \/>\n<\/span><\/em><\/p>\n<div class=\"youtube\" style=\"width: 350; height: 300;\"><object width=\"350\" height=\"300\" classid=\"clsid:d27cdb6e-ae6d-11cf-96b8-444553540000\" codebase=\"http:\/\/download.macromedia.com\/pub\/shockwave\/cabs\/flash\/swflash.cab#version=6,0,40,0\"><param name=\"wmode\" value=\"transparent\" \/><param name=\"src\" value=\"http:\/\/www.youtube.com\/v\/BUrnyp5VgMM\" \/><embed width=\"350\" height=\"300\" type=\"application\/x-shockwave-flash\" src=\"http:\/\/www.youtube.com\/v\/BUrnyp5VgMM\" wmode=\"transparent\" \/><\/object><\/div>\n<div class=\"youtube\" style=\"width: 350; height: 300;\"><span style=\"font-family: book antiqua,palatino; font-size: 14pt;\">Ce voyage dans le d\u00e9sert peut \u00eatre organis\u00e9 avec un groupe sur mesure (famille, amis, coll\u00e8gues, amoureux de lieux privil\u00e9gi\u00e9s&#8230;)<\/span><\/div>\n<div class=\"youtube\" style=\"width: 350; height: 300;\"><span style=\"font-family: book antiqua,palatino; font-size: 14pt;\"><strong><a title=\"Contacts\" href=\"http:\/\/www.inspir.be\/?page_id=26\" target=\"_blank\"><span style=\"text-decoration: underline;\"><span style=\"color: #333399; text-decoration: underline;\">N&rsquo;h\u00e9sitez pas \u00e0 me contacter<\/span><\/span><\/a><\/strong><\/span><\/div>\n","protected":false},"excerpt":{"rendered":"<p>Voici un projet tout \u00e0 fait extraordinaire : Les crocodiles au Sahara&#8230;.. a Ce voyage dans le d\u00e9sert peut \u00eatre organis\u00e9 avec un groupe sur mesure (famille, amis, coll\u00e8gues, amoureux de lieux privil\u00e9gi\u00e9s&#8230;) N&rsquo;h\u00e9sitez pas \u00e0 me contacter<\/p>\n","protected":false},"author":1,"featured_media":1296,"parent":1735,"menu_order":20,"comment_status":"closed","ping_status":"closed","template":"","meta":{"footnotes":""},"class_list":["post-823","page","type-page","status-publish","has-post-thumbnail","hentry"],"_links":{"self":[{"href":"https:\/\/www.inspir.be\/index.php?rest_route=\/wp\/v2\/pages\/823","targetHints":{"allow":["GET"]}}],"collection":[{"href":"https:\/\/www.inspir.be\/index.php?rest_route=\/wp\/v2\/pages"}],"about":[{"href":"https:\/\/www.inspir.be\/index.php?rest_route=\/wp\/v2\/types\/page"}],"author":[{"embeddable":true,"href":"https:\/\/www.inspir.be\/index.php?rest_route=\/wp\/v2\/users\/1"}],"replies":[{"embeddable":true,"href":"https:\/\/www.inspir.be\/index.php?rest_route=%2Fwp%2Fv2%2Fcomments&post=823"}],"version-history":[{"count":33,"href":"https:\/\/www.inspir.be\/index.php?rest_route=\/wp\/v2\/pages\/823\/revisions"}],"predecessor-version":[{"id":2551,"href":"https:\/\/www.inspir.be\/index.php?rest_route=\/wp\/v2\/pages\/823\/revisions\/2551"}],"up":[{"embeddable":true,"href":"https:\/\/www.inspir.be\/index.php?rest_route=\/wp\/v2\/pages\/1735"}],"wp:featuredmedia":[{"embeddable":true,"href":"https:\/\/www.inspir.be\/index.php?rest_route=\/wp\/v2\/media\/1296"}],"wp:attachment":[{"href":"https:\/\/www.inspir.be\/index.php?rest_route=%2Fwp%2Fv2%2Fmedia&parent=823"}],"curies":[{"name":"wp","href":"https:\/\/api.w.org\/{rel}","templated":true}]}}