{"id":1373,"date":"2012-10-08T16:49:34","date_gmt":"2012-10-08T14:49:34","guid":{"rendered":"http:\/\/www.inspir.be\/?page_id=1373"},"modified":"2015-09-06T17:30:52","modified_gmt":"2015-09-06T15:30:52","slug":"pablo-neruda-il-meurt-lentement","status":"publish","type":"page","link":"https:\/\/www.inspir.be\/?page_id=1373","title":{"rendered":"Il meurt lentement"},"content":{"rendered":"<p><span style=\"font-family: book antiqua,palatino; font-size: 16px;\">Il meurt lentement<\/span><br \/>\n<span style=\"font-family: book antiqua,palatino; font-size: 16px;\">celui qui ne voyage pas,<\/span><br \/>\n<span style=\"font-family: book antiqua,palatino; font-size: 16px;\">celui qui ne lit pas,<\/span><br \/>\n<span style=\"font-family: book antiqua,palatino; font-size: 16px;\">celui qui n&rsquo;\u00e9coute pas de musique,<\/span><br \/>\n<span style=\"font-family: book antiqua,palatino; font-size: 16px;\">celui qui ne sait pas trouver<\/span><br \/>\n<span style=\"font-family: book antiqua,palatino; font-size: 16px;\">gr\u00e2ce \u00e0 ses yeux.<\/span><\/p>\n<p><span style=\"font-family: book antiqua,palatino; font-size: 16px;\">Il meurt lentement<\/span><br \/>\n<span style=\"font-family: book antiqua,palatino; font-size: 16px;\">celui qui d\u00e9truit son amour-propre,<\/span><br \/>\n<span style=\"font-family: book antiqua,palatino; font-size: 16px;\">celui qui ne se laisse jamais aider.<\/span><\/p>\n<p><span style=\"font-family: book antiqua,palatino; font-size: 16px;\">Il meurt lentement<\/span><br \/>\n<span style=\"font-family: book antiqua,palatino; font-size: 16px;\">celui qui devient esclave de l&rsquo;habitude<\/span><br \/>\n<span style=\"font-family: book antiqua,palatino; font-size: 16px;\">refaisant tous les jours les m\u00eames chemins,<\/span><br \/>\n<span style=\"font-family: book antiqua,palatino; font-size: 16px;\">celui qui ne change jamais de rep\u00e8re,<\/span><br \/>\n<span style=\"font-family: book antiqua,palatino; font-size: 16px;\">Ne se risque jamais \u00e0 changer la couleur<\/span><br \/>\n<span style=\"font-family: book antiqua,palatino; font-size: 16px;\">de ses v\u00eatements<\/span><br \/>\n<span style=\"font-family: book antiqua,palatino; font-size: 16px;\">Ou qui ne parle jamais \u00e0 un inconnu<\/span><\/p>\n<p><span style=\"font-family: book antiqua,palatino; font-size: 16px;\">Il meurt lentement<\/span><br \/>\n<span style=\"font-family: book antiqua,palatino; font-size: 16px;\">celui qui \u00e9vite la passion<\/span><br \/>\n<span style=\"font-family: book antiqua,palatino; font-size: 16px;\">et son tourbillon d&rsquo;\u00e9motions<\/span><br \/>\n<span style=\"font-family: book antiqua,palatino; font-size: 16px;\">celles qui redonnent la lumi\u00e8re dans les yeux<\/span><a href=\"http:\/\/inspir.be\/WordPress3\/wp-content\/uploads\/2012\/10\/lumi\u00e8re.jpg\"><img loading=\"lazy\" decoding=\"async\" class=\"alignright size-full wp-image-1396\" title=\"www.insipr.be lumi\u00e8re\" src=\"http:\/\/inspir.be\/WordPress3\/wp-content\/uploads\/2012\/10\/lumi\u00e8re.jpg\" alt=\"\" width=\"280\" height=\"180\" \/><\/a><br \/>\n<span style=\"font-family: book antiqua,palatino; font-size: 16px;\">et r\u00e9parent les c\u0153urs bless\u00e9s<\/span><\/p>\n<p><span style=\"font-family: book antiqua,palatino; font-size: 16px;\">Il meurt lentement<\/span><br \/>\n<span style=\"font-family: book antiqua,palatino; font-size: 16px;\">celui qui ne change pas de cap<\/span><br \/>\n<span style=\"font-family: book antiqua,palatino; font-size: 16px;\">lorsqu&rsquo;il est malheureux<\/span><br \/>\n<span style=\"font-family: book antiqua,palatino; font-size: 16px;\">au travail ou en amour,<\/span><br \/>\n<span style=\"font-family: book antiqua,palatino; font-size: 16px;\">celui qui ne prend pas de risques<\/span><br \/>\n<span style=\"font-family: book antiqua,palatino; font-size: 16px;\">pour r\u00e9aliser ses r\u00eaves,<\/span><br \/>\n<span style=\"font-family: book antiqua,palatino; font-size: 16px;\">celui qui, pas une seule fois dans sa vie,<\/span><br \/>\n<span style=\"font-family: book antiqua,palatino; font-size: 16px;\">n&rsquo;a fui les conseils sens\u00e9s.<\/span><br \/>\n<span style=\"font-family: book antiqua,palatino; font-size: 16px;\">Vis maintenant!<\/span><br \/>\n<span style=\"font-family: book antiqua,palatino; font-size: 16px;\">Risque-toi aujourd&rsquo;hui!<\/span><br \/>\n<span style=\"font-family: book antiqua,palatino; font-size: 16px;\">Agis tout de suite!<\/span><br \/>\n<span style=\"font-family: book antiqua,palatino; font-size: 16px;\">Ne te laisse pas mourir lentement!<\/span><br \/>\n<span style=\"font-family: book antiqua,palatino; font-size: 16px;\">Ne te prive pas d&rsquo;\u00eatre heureux!<\/span><\/p>\n","protected":false},"excerpt":{"rendered":"<p>Il meurt lentement celui qui ne voyage pas, celui qui ne lit pas, celui qui n&rsquo;\u00e9coute pas de musique, celui qui ne sait pas trouver gr\u00e2ce \u00e0 ses yeux. Il meurt lentement celui qui d\u00e9truit son amour-propre, celui qui ne se laisse jamais aider. Il meurt lentement celui qui devient esclave de l&rsquo;habitude refaisant tous &hellip; <a href=\"https:\/\/www.inspir.be\/?page_id=1373\" class=\"more-link\">Continuer la lecture de <span class=\"screen-reader-text\">Il meurt lentement<\/span>  <span class=\"meta-nav\">&rarr;<\/span><\/a><\/p>\n","protected":false},"author":1,"featured_media":1396,"parent":2,"menu_order":40,"comment_status":"closed","ping_status":"closed","template":"","meta":{"footnotes":""},"class_list":["post-1373","page","type-page","status-publish","has-post-thumbnail","hentry"],"_links":{"self":[{"href":"https:\/\/www.inspir.be\/index.php?rest_route=\/wp\/v2\/pages\/1373","targetHints":{"allow":["GET"]}}],"collection":[{"href":"https:\/\/www.inspir.be\/index.php?rest_route=\/wp\/v2\/pages"}],"about":[{"href":"https:\/\/www.inspir.be\/index.php?rest_route=\/wp\/v2\/types\/page"}],"author":[{"embeddable":true,"href":"https:\/\/www.inspir.be\/index.php?rest_route=\/wp\/v2\/users\/1"}],"replies":[{"embeddable":true,"href":"https:\/\/www.inspir.be\/index.php?rest_route=%2Fwp%2Fv2%2Fcomments&post=1373"}],"version-history":[{"count":4,"href":"https:\/\/www.inspir.be\/index.php?rest_route=\/wp\/v2\/pages\/1373\/revisions"}],"predecessor-version":[{"id":2679,"href":"https:\/\/www.inspir.be\/index.php?rest_route=\/wp\/v2\/pages\/1373\/revisions\/2679"}],"up":[{"embeddable":true,"href":"https:\/\/www.inspir.be\/index.php?rest_route=\/wp\/v2\/pages\/2"}],"wp:featuredmedia":[{"embeddable":true,"href":"https:\/\/www.inspir.be\/index.php?rest_route=\/wp\/v2\/media\/1396"}],"wp:attachment":[{"href":"https:\/\/www.inspir.be\/index.php?rest_route=%2Fwp%2Fv2%2Fmedia&parent=1373"}],"curies":[{"name":"wp","href":"https:\/\/api.w.org\/{rel}","templated":true}]}}